[INFO] fetching crate cbe_rbpf 0.2.38...
[INFO] checking cbe_rbpf-0.2.38 against master#e6e4f7ed1589e03bc2f6c5931c1a72e7947e8682 for beta-170-4
[INFO] extracting crate cbe_rbpf 0.2.38 into /workspace/builds/worker-7-tc2/source
[INFO] validating manifest of crates.io crate cbe_rbpf 0.2.38 on toolchain e6e4f7ed1589e03bc2f6c5931c1a72e7947e8682
[INFO] running `Command { std: CARGO_HOME="/workspace/cargo-home" RUSTUP_HOME="/workspace/rustup-home" "/workspace/cargo-home/bin/cargo" "+e6e4f7ed1589e03bc2f6c5931c1a72e7947e8682" "metadata" "--manifest-path" "Cargo.toml" "--no-deps", kill_on_drop: false }`
[INFO] started tweaking crates.io crate cbe_rbpf 0.2.38
[INFO] finished tweaking crates.io crate cbe_rbpf 0.2.38
[INFO] tweaked toml for crates.io crate cbe_rbpf 0.2.38 written to /workspace/builds/worker-7-tc2/source/Cargo.toml
[INFO] crate crates.io crate cbe_rbpf 0.2.38 already has a lockfile, it will not be regenerated
[INFO] running `Command { std: CARGO_HOME="/workspace/cargo-home" RUSTUP_HOME="/workspace/rustup-home" "/workspace/cargo-home/bin/cargo" "+e6e4f7ed1589e03bc2f6c5931c1a72e7947e8682" "fetch" "--manifest-path" "Cargo.toml", kill_on_drop: false }`
[INFO] running `Command { std: "docker" "create" "-v" "/var/lib/crater-agent-workspace/builds/worker-7-tc2/target:/opt/rustwide/target:rw,Z" "-v" "/var/lib/crater-agent-workspace/builds/worker-7-tc2/source:/opt/rustwide/workdir:ro,Z" "-v" "/var/lib/crater-agent-workspace/cargo-home:/opt/rustwide/cargo-home:ro,Z" "-v" "/var/lib/crater-agent-workspace/rustup-home:/opt/rustwide/rustup-home:ro,Z" "-e" "SOURCE_DIR=/opt/rustwide/workdir" "-e" "CARGO_TARGET_DIR=/opt/rustwide/target" "-e" "CARGO_HOME=/opt/rustwide/cargo-home" "-e" "RUSTUP_HOME=/opt/rustwide/rustup-home" "-w" "/opt/rustwide/workdir" "-m" "1610612736" "--user" "0:0" "--network" "none" "ghcr.io/rust-lang/crates-build-env/linux@sha256:19e73879b68f455e41552ea35293514db52ea292d993f571636dbffedb77a1ee" "/opt/rustwide/cargo-home/bin/cargo" "+e6e4f7ed1589e03bc2f6c5931c1a72e7947e8682" "metadata" "--no-deps" "--format-version=1", kill_on_drop: false }`
[INFO] [stdout] 4e49ab16bbd61fdd00a1cca54e76b672d00639fb401770b975cd8fb9b95f4ba3
[INFO] running `Command { std: "docker" "start" "-a" "4e49ab16bbd61fdd00a1cca54e76b672d00639fb401770b975cd8fb9b95f4ba3", kill_on_drop: false }`
[INFO] running `Command { std: "docker" "inspect" "4e49ab16bbd61fdd00a1cca54e76b672d00639fb401770b975cd8fb9b95f4ba3", kill_on_drop: false }`
[INFO] running `Command { std: "docker" "rm" "-f" "4e49ab16bbd61fdd00a1cca54e76b672d00639fb401770b975cd8fb9b95f4ba3", kill_on_drop: false }`
[INFO] [stdout] 4e49ab16bbd61fdd00a1cca54e76b672d00639fb401770b975cd8fb9b95f4ba3
[INFO] running `Command { std: "docker" "create" "-v" "/var/lib/crater-agent-workspace/builds/worker-7-tc2/target:/opt/rustwide/target:rw,Z" "-v" "/var/lib/crater-agent-workspace/builds/worker-7-tc2/source:/opt/rustwide/workdir:ro,Z" "-v" "/var/lib/crater-agent-workspace/cargo-home:/opt/rustwide/cargo-home:ro,Z" "-v" "/var/lib/crater-agent-workspace/rustup-home:/opt/rustwide/rustup-home:ro,Z" "-e" "SOURCE_DIR=/opt/rustwide/workdir" "-e" "CARGO_TARGET_DIR=/opt/rustwide/target" "-e" "CARGO_INCREMENTAL=0" "-e" "RUST_BACKTRACE=full" "-e" "RUSTFLAGS=--cap-lints=forbid" "-e" "RUSTDOCFLAGS=--cap-lints=forbid" "-e" "CARGO_HOME=/opt/rustwide/cargo-home" "-e" "RUSTUP_HOME=/opt/rustwide/rustup-home" "-w" "/opt/rustwide/workdir" "-m" "1610612736" "--user" "0:0" "--network" "none" "ghcr.io/rust-lang/crates-build-env/linux@sha256:19e73879b68f455e41552ea35293514db52ea292d993f571636dbffedb77a1ee" "/opt/rustwide/cargo-home/bin/cargo" "+e6e4f7ed1589e03bc2f6c5931c1a72e7947e8682" "check" "--frozen" "--all" "--all-targets" "--message-format=json", kill_on_drop: false }`
[INFO] [stdout] bf81cb321a95aa7e3f07c5b175b9e1e7e5d30436e98a694acbab4272f56cbb3d
[INFO] running `Command { std: "docker" "start" "-a" "bf81cb321a95aa7e3f07c5b175b9e1e7e5d30436e98a694acbab4272f56cbb3d", kill_on_drop: false }`
[INFO] [stderr]    Compiling proc-macro2 v1.0.37
[INFO] [stderr]    Compiling unicode-xid v0.2.2
[INFO] [stderr]    Compiling syn v1.0.91
[INFO] [stderr]    Compiling libc v0.2.122
[INFO] [stderr]    Compiling memchr v2.4.1
[INFO] [stderr]    Compiling log v0.4.16
[INFO] [stderr]     Checking byteorder v1.4.3
[INFO] [stderr]    Compiling winapi v0.3.9
[INFO] [stderr]     Checking unreachable v1.0.0
[INFO] [stderr]     Checking either v1.6.1
[INFO] [stderr]     Checking ascii v0.9.3
[INFO] [stderr]     Checking plain v0.2.3
[INFO] [stderr]     Checking hash32 v0.2.1
[INFO] [stderr]     Checking rustc-demangle v0.1.21
[INFO] [stderr]     Checking byteorder v0.5.3
[INFO] [stderr]     Checking elf v0.0.10
[INFO] [stderr]     Checking combine v3.8.1
[INFO] [stderr]    Compiling quote v1.0.17
[INFO] [stderr]     Checking getrandom v0.2.6
[INFO] [stderr]     Checking rand_core v0.6.3
[INFO] [stderr]     Checking rand_chacha v0.3.1
[INFO] [stderr]     Checking rand v0.8.5
[INFO] [stderr]    Compiling scroll_derive v0.11.0
[INFO] [stderr]    Compiling thiserror-impl v1.0.30
[INFO] [stderr]     Checking scroll v0.11.0
[INFO] [stderr]     Checking goblin v0.5.1
[INFO] [stderr]     Checking thiserror v1.0.30
[INFO] [stderr]     Checking cbe_rbpf v0.2.38 (/opt/rustwide/workdir)
[INFO] [stdout] warning: variable does not need to be mutable
[INFO] [stdout]    --> src/static_analysis.rs:898:25
[INFO] [stdout]     |
[INFO] [stdout] 898 |                     let mut cfg_node = self.cfg_nodes.get_mut(b).unwrap();
[INFO] [stdout]     |                         ----^^^^^^^^
[INFO] [stdout]     |                         |
[INFO] [stdout]     |                         help: remove this `mut`
[INFO] [stdout]     |
[INFO] [stdout]     = note: `#[warn(unused_mut)]` on by default
[INFO] [stdout] 
[INFO] [stdout] 
[INFO] [stdout] warning: 1 warning emitted
[INFO] [stdout] 
[INFO] [stdout] 
[INFO] [stdout] error[E0463]: can't find crate for `test_utils`
[INFO] [stdout]   --> benches/elf_loader.rs:11:1
[INFO] [stdout]    |
[INFO] [stdout] 11 | extern crate test_utils;
[INFO] [stdout]    | ^^^^^^^^^^^^^^^^^^^^^^^^ can't find crate
[INFO] [stdout] 
[INFO] [stdout] 
[INFO] [stdout] error[E0432]: unresolved import `test_utils`
[INFO] [stdout]   --> benches/jit_compile.rs:18:5
[INFO] [stdout]    |
[INFO] [stdout] 18 | use test_utils::TautologyVerifier;
[INFO] [stdout]    |     ^^^^^^^^^^ use of undeclared crate or module `test_utils`
[INFO] [stdout] 
[INFO] [stdout] 
[INFO] [stdout] error: aborting due to previous error
[INFO] [stdout] 
[INFO] [stdout] 
[INFO] [stdout] For more information about this error, try `rustc --explain E0463`.
[INFO] [stdout] 
[INFO] [stdout] error[E0463]: can't find crate for `test_utils`
[INFO] [stdout]  --> tests/assembler.rs:9:1
[INFO] [stdout]   |
[INFO] [stdout] 9 | extern crate test_utils;
[INFO] [stdout]   | ^^^^^^^^^^^^^^^^^^^^^^^^ can't find crate
[INFO] [stdout] 
[INFO] [stdout] 
[INFO] [stderr] error: could not compile `cbe_rbpf` (bench "elf_loader") due to 2 previous errors
[INFO] [stderr] warning: build failed, waiting for other jobs to finish...
[INFO] [stdout] error[E0463]: can't find crate for `test_utils`
[INFO] [stdout]   --> tests/ubpf_execution.rs:12:1
[INFO] [stdout]    |
[INFO] [stdout] 12 | extern crate test_utils;
[INFO] [stdout]    | ^^^^^^^^^^^^^^^^^^^^^^^^ can't find crate
[INFO] [stdout] 
[INFO] [stdout] 
[INFO] [stdout] error: aborting due to previous error
[INFO] [stdout] 
[INFO] [stdout] 
[INFO] [stdout] For more information about this error, try `rustc --explain E0432`.
[INFO] [stdout] 
[INFO] [stderr] error: could not compile `cbe_rbpf` (bench "jit_compile") due to 2 previous errors
[INFO] [stdout] error: aborting due to previous error
[INFO] [stdout] 
[INFO] [stdout] 
[INFO] [stdout] For more information about this error, try `rustc --explain E0463`.
[INFO] [stdout] 
[INFO] [stderr] error: could not compile `cbe_rbpf` (test "assembler") due to 2 previous errors
[INFO] [stdout] warning: variable does not need to be mutable
[INFO] [stdout]    --> src/static_analysis.rs:898:25
[INFO] [stdout]     |
[INFO] [stdout] 898 |                     let mut cfg_node = self.cfg_nodes.get_mut(b).unwrap();
[INFO] [stdout]     |                         ----^^^^^^^^
[INFO] [stdout]     |                         |
[INFO] [stdout]     |                         help: remove this `mut`
[INFO] [stdout]     |
[INFO] [stdout]     = note: `#[warn(unused_mut)]` on by default
[INFO] [stdout] 
[INFO] [stdout] 
[INFO] [stdout] warning: 1 warning emitted
[INFO] [stdout] 
[INFO] [stdout] 
[INFO] [stdout] error: aborting due to previous error
[INFO] [stdout] 
[INFO] [stdout] 
[INFO] [stdout] For more information about this error, try `rustc --explain E0463`.
[INFO] [stdout] 
[INFO] [stderr] error: could not compile `cbe_rbpf` (test "ubpf_execution") due to 2 previous errors
[INFO] running `Command { std: "docker" "inspect" "bf81cb321a95aa7e3f07c5b175b9e1e7e5d30436e98a694acbab4272f56cbb3d", kill_on_drop: false }`
[INFO] running `Command { std: "docker" "rm" "-f" "bf81cb321a95aa7e3f07c5b175b9e1e7e5d30436e98a694acbab4272f56cbb3d", kill_on_drop: false }`
[INFO] [stdout] bf81cb321a95aa7e3f07c5b175b9e1e7e5d30436e98a694acbab4272f56cbb3d
